{"id":1787,"date":"2016-10-31T08:12:26","date_gmt":"2016-10-31T07:12:26","guid":{"rendered":"http:\/\/debowymlyn.pl\/?page_id=1787"},"modified":"2023-03-17T09:08:10","modified_gmt":"2023-03-17T08:08:10","slug":"wroclaw","status":"publish","type":"page","link":"https:\/\/debowymlyn.pl\/de\/wroclaw\/","title":{"rendered":"(Polski) Wroc\u0142aw"},"content":{"rendered":"<p class=\"qtranxs-available-languages-message qtranxs-available-languages-message-de\">Leider ist der Eintrag nur auf <a href=\"https:\/\/debowymlyn.pl\/pl\/wp-json\/wp\/v2\/pages\/1787\" class=\"qtranxs-available-language-link qtranxs-available-language-link-pl\" title=\"Polski\">Polski<\/a> verf\u00fcgbar.<\/p>","protected":false},"excerpt":{"rendered":"<p>Leider ist der Eintrag nur auf Polski verf\u00fcgbar.<\/p>\n","protected":false},"author":2,"featured_media":0,"parent":0,"menu_order":0,"comment_status":"closed","ping_status":"closed","template":"page-fullwidth.php","meta":{"inline_featured_image":false,"footnotes":""},"class_list":["post-1787","page","type-page","status-publish","hentry"],"yoast_head":"<!-- This site is optimized with the Yoast SEO plugin v26.8 - https:\/\/yoast.com\/product\/yoast-seo-wordpress\/ -->\n<title>Wroc\u0142aw - Salon Pod\u0142\u00f3g Drewnianych - Oferta<\/title>\n<meta name=\"description\" content=\"Oferta dla Wroc\u0142awia i okolic - drewno na pod\u0142ogi \u2013 deski tarasowe \u2013 elewacje drewniane \u2013 chemia do piel\u0119gnacji pod\u0142\u00f3g.\" \/>\n<meta name=\"robots\" content=\"index, follow, max-snippet:-1, max-image-preview:large, max-video-preview:-1\" \/>\n<link rel=\"canonical\" href=\"https:\/\/debowymlyn.pl\/wroclaw\/\" \/>\n<meta property=\"og:locale\" content=\"de_DE\" \/>\n<meta property=\"og:type\" content=\"article\" \/>\n<meta property=\"og:title\" content=\"Wroc\u0142aw - Salon Pod\u0142\u00f3g Drewnianych - Oferta\" \/>\n<meta property=\"og:description\" content=\"Oferta dla Wroc\u0142awia i okolic - drewno na pod\u0142ogi \u2013 deski tarasowe \u2013 elewacje drewniane \u2013 chemia do piel\u0119gnacji pod\u0142\u00f3g.\" \/>\n<meta property=\"og:url\" content=\"https:\/\/debowymlyn.pl\/wroclaw\/\" \/>\n<meta property=\"og:site_name\" content=\"Holzfu\u00dfbodengesch\u00e4ft &quot;D\u0119bowy M\u0142yn&quot;\" \/>\n<meta property=\"article:modified_time\" content=\"2023-03-17T08:08:10+00:00\" \/>\n<meta property=\"og:image\" content=\"https:\/\/debowymlyn.pl\/wp-content\/uploads\/galeria\/podlogi\/DSC_0022.jpg\" \/>\n<meta name=\"twitter:card\" content=\"summary_large_image\" \/>\n<meta name=\"twitter:label1\" content=\"Gesch\u00e4tzte Lesezeit\" \/>\n\t<meta name=\"twitter:data1\" content=\"4\u00a0Minuten\" \/>\n<script type=\"application\/ld+json\" class=\"yoast-schema-graph\">{\"@context\":\"https:\/\/schema.org\",\"@graph\":[{\"@type\":\"WebPage\",\"@id\":\"https:\/\/debowymlyn.pl\/wroclaw\/\",\"url\":\"https:\/\/debowymlyn.pl\/wroclaw\/\",\"name\":\"Wroc\u0142aw - Salon Pod\u0142\u00f3g Drewnianych - Oferta\",\"isPartOf\":{\"@id\":\"https:\/\/debowymlyn.pl\/#website\"},\"primaryImageOfPage\":{\"@id\":\"https:\/\/debowymlyn.pl\/wroclaw\/#primaryimage\"},\"image\":{\"@id\":\"https:\/\/debowymlyn.pl\/wroclaw\/#primaryimage\"},\"thumbnailUrl\":\"https:\/\/debowymlyn.pl\/wp-content\/uploads\/galeria\/podlogi\/DSC_0022.jpg\",\"datePublished\":\"2016-10-31T07:12:26+00:00\",\"dateModified\":\"2023-03-17T08:08:10+00:00\",\"description\":\"Oferta dla Wroc\u0142awia i okolic - drewno na pod\u0142ogi \u2013 deski tarasowe \u2013 elewacje drewniane \u2013 chemia do piel\u0119gnacji pod\u0142\u00f3g.\",\"breadcrumb\":{\"@id\":\"https:\/\/debowymlyn.pl\/wroclaw\/#breadcrumb\"},\"inLanguage\":\"de\",\"potentialAction\":[{\"@type\":\"ReadAction\",\"target\":[\"https:\/\/debowymlyn.pl\/wroclaw\/\"]}]},{\"@type\":\"ImageObject\",\"inLanguage\":\"de\",\"@id\":\"https:\/\/debowymlyn.pl\/wroclaw\/#primaryimage\",\"url\":\"https:\/\/debowymlyn.pl\/wp-content\/uploads\/galeria\/podlogi\/DSC_0022.jpg\",\"contentUrl\":\"https:\/\/debowymlyn.pl\/wp-content\/uploads\/galeria\/podlogi\/DSC_0022.jpg\"},{\"@type\":\"BreadcrumbList\",\"@id\":\"https:\/\/debowymlyn.pl\/wroclaw\/#breadcrumb\",\"itemListElement\":[{\"@type\":\"ListItem\",\"position\":1,\"name\":\"Strona g\u0142\u00f3wna\",\"item\":\"https:\/\/debowymlyn.pl\/\"},{\"@type\":\"ListItem\",\"position\":2,\"name\":\"Wroc\u0142aw\"}]},{\"@type\":\"WebSite\",\"@id\":\"https:\/\/debowymlyn.pl\/#website\",\"url\":\"https:\/\/debowymlyn.pl\/\",\"name\":\"Holzfu\u00dfbodengesch\u00e4ft &quot;D\u0119bowy M\u0142yn&quot;\",\"description\":\"\",\"potentialAction\":[{\"@type\":\"SearchAction\",\"target\":{\"@type\":\"EntryPoint\",\"urlTemplate\":\"https:\/\/debowymlyn.pl\/?s={search_term_string}\"},\"query-input\":{\"@type\":\"PropertyValueSpecification\",\"valueRequired\":true,\"valueName\":\"search_term_string\"}}],\"inLanguage\":\"de\"}]}<\/script>\n<!-- \/ Yoast SEO plugin. -->","yoast_head_json":{"title":"Wroc\u0142aw - Salon Pod\u0142\u00f3g Drewnianych - Oferta","description":"Oferta dla Wroc\u0142awia i okolic - drewno na pod\u0142ogi \u2013 deski tarasowe \u2013 elewacje drewniane \u2013 chemia do piel\u0119gnacji pod\u0142\u00f3g.","robots":{"index":"index","follow":"follow","max-snippet":"max-snippet:-1","max-image-preview":"max-image-preview:large","max-video-preview":"max-video-preview:-1"},"canonical":"https:\/\/debowymlyn.pl\/wroclaw\/","og_locale":"de_DE","og_type":"article","og_title":"Wroc\u0142aw - Salon Pod\u0142\u00f3g Drewnianych - Oferta","og_description":"Oferta dla Wroc\u0142awia i okolic - drewno na pod\u0142ogi \u2013 deski tarasowe \u2013 elewacje drewniane \u2013 chemia do piel\u0119gnacji pod\u0142\u00f3g.","og_url":"https:\/\/debowymlyn.pl\/wroclaw\/","og_site_name":"Holzfu\u00dfbodengesch\u00e4ft &quot;D\u0119bowy M\u0142yn&quot;","article_modified_time":"2023-03-17T08:08:10+00:00","og_image":[{"url":"https:\/\/debowymlyn.pl\/wp-content\/uploads\/galeria\/podlogi\/DSC_0022.jpg","type":"","width":"","height":""}],"twitter_card":"summary_large_image","twitter_misc":{"Gesch\u00e4tzte Lesezeit":"4\u00a0Minuten"},"schema":{"@context":"https:\/\/schema.org","@graph":[{"@type":"WebPage","@id":"https:\/\/debowymlyn.pl\/wroclaw\/","url":"https:\/\/debowymlyn.pl\/wroclaw\/","name":"Wroc\u0142aw - Salon Pod\u0142\u00f3g Drewnianych - Oferta","isPartOf":{"@id":"https:\/\/debowymlyn.pl\/#website"},"primaryImageOfPage":{"@id":"https:\/\/debowymlyn.pl\/wroclaw\/#primaryimage"},"image":{"@id":"https:\/\/debowymlyn.pl\/wroclaw\/#primaryimage"},"thumbnailUrl":"https:\/\/debowymlyn.pl\/wp-content\/uploads\/galeria\/podlogi\/DSC_0022.jpg","datePublished":"2016-10-31T07:12:26+00:00","dateModified":"2023-03-17T08:08:10+00:00","description":"Oferta dla Wroc\u0142awia i okolic - drewno na pod\u0142ogi \u2013 deski tarasowe \u2013 elewacje drewniane \u2013 chemia do piel\u0119gnacji pod\u0142\u00f3g.","breadcrumb":{"@id":"https:\/\/debowymlyn.pl\/wroclaw\/#breadcrumb"},"inLanguage":"de","potentialAction":[{"@type":"ReadAction","target":["https:\/\/debowymlyn.pl\/wroclaw\/"]}]},{"@type":"ImageObject","inLanguage":"de","@id":"https:\/\/debowymlyn.pl\/wroclaw\/#primaryimage","url":"https:\/\/debowymlyn.pl\/wp-content\/uploads\/galeria\/podlogi\/DSC_0022.jpg","contentUrl":"https:\/\/debowymlyn.pl\/wp-content\/uploads\/galeria\/podlogi\/DSC_0022.jpg"},{"@type":"BreadcrumbList","@id":"https:\/\/debowymlyn.pl\/wroclaw\/#breadcrumb","itemListElement":[{"@type":"ListItem","position":1,"name":"Strona g\u0142\u00f3wna","item":"https:\/\/debowymlyn.pl\/"},{"@type":"ListItem","position":2,"name":"Wroc\u0142aw"}]},{"@type":"WebSite","@id":"https:\/\/debowymlyn.pl\/#website","url":"https:\/\/debowymlyn.pl\/","name":"Holzfu\u00dfbodengesch\u00e4ft &quot;D\u0119bowy M\u0142yn&quot;","description":"","potentialAction":[{"@type":"SearchAction","target":{"@type":"EntryPoint","urlTemplate":"https:\/\/debowymlyn.pl\/?s={search_term_string}"},"query-input":{"@type":"PropertyValueSpecification","valueRequired":true,"valueName":"search_term_string"}}],"inLanguage":"de"}]}},"_links":{"self":[{"href":"https:\/\/debowymlyn.pl\/de\/wp-json\/wp\/v2\/pages\/1787","targetHints":{"allow":["GET"]}}],"collection":[{"href":"https:\/\/debowymlyn.pl\/de\/wp-json\/wp\/v2\/pages"}],"about":[{"href":"https:\/\/debowymlyn.pl\/de\/wp-json\/wp\/v2\/types\/page"}],"author":[{"embeddable":true,"href":"https:\/\/debowymlyn.pl\/de\/wp-json\/wp\/v2\/users\/2"}],"replies":[{"embeddable":true,"href":"https:\/\/debowymlyn.pl\/de\/wp-json\/wp\/v2\/comments?post=1787"}],"version-history":[{"count":62,"href":"https:\/\/debowymlyn.pl\/de\/wp-json\/wp\/v2\/pages\/1787\/revisions"}],"predecessor-version":[{"id":3012,"href":"https:\/\/debowymlyn.pl\/de\/wp-json\/wp\/v2\/pages\/1787\/revisions\/3012"}],"wp:attachment":[{"href":"https:\/\/debowymlyn.pl\/de\/wp-json\/wp\/v2\/media?parent=1787"}],"curies":[{"name":"wp","href":"https:\/\/api.w.org\/{rel}","templated":true}]}}

(Polski) Wrocław

<p class="qtranxs-available-languages-message qtranxs-available-languages-message-de">Leider ist der Eintrag nur auf <a href="https://debowymlyn.pl/pl/wp-json/wp/v2/pages/1787" class="qtranxs-available-language-link qtranxs-available-language-link-pl" title="Polski">Polski</a> verfügbar.</p>

<p>Leider ist der Eintrag nur auf Polski verfügbar.</p>

<!-- This site is optimized with the Yoast SEO plugin v26.8 - https://yoast.com/product/yoast-seo-wordpress/ -->
<title>Wrocław - Salon Podłóg Drewnianych - Oferta</title>
<meta name="description" content="Oferta dla Wrocławia i okolic - drewno na podłogi – deski tarasowe – elewacje drewniane – chemia do pielęgnacji podłóg." />
<meta name="robots" content="index, follow, max-snippet:-1, max-image-preview:large, max-video-preview:-1" />
<link rel="canonical" href="https://debowymlyn.pl/wroclaw/" />
<meta property="og:locale" content="de_DE" />
<meta property="og:type" content="article" />
<meta property="og:title" content="Wrocław - Salon Podłóg Drewnianych - Oferta" />
<meta property="og:description" content="Oferta dla Wrocławia i okolic - drewno na podłogi – deski tarasowe – elewacje drewniane – chemia do pielęgnacji podłóg." />
<meta property="og:url" content="https://debowymlyn.pl/wroclaw/" />
<meta property="og:site_name" content="Holzfußbodengeschäft &quot;Dębowy Młyn&quot;" />
<meta property="article:modified_time" content="2023-03-17T08:08:10+00:00" />
<meta property="og:image" content="https://debowymlyn.pl/wp-content/uploads/galeria/podlogi/DSC_0022.jpg" />
<meta name="twitter:card" content="summary_large_image" />
<meta name="twitter:label1" content="Geschätzte Lesezeit" />
	<meta name="twitter:data1" content="4 Minuten" />
<script type="application/ld+json" class="yoast-schema-graph">{"@context":"https://schema.org","@graph":[{"@type":"WebPage","@id":"https://debowymlyn.pl/wroclaw/","url":"https://debowymlyn.pl/wroclaw/","name":"Wrocław - Salon Podłóg Drewnianych - Oferta","isPartOf":{"@id":"https://debowymlyn.pl/#website"},"primaryImageOfPage":{"@id":"https://debowymlyn.pl/wroclaw/#primaryimage"},"image":{"@id":"https://debowymlyn.pl/wroclaw/#primaryimage"},"thumbnailUrl":"https://debowymlyn.pl/wp-content/uploads/galeria/podlogi/DSC_0022.jpg","datePublished":"2016-10-31T07:12:26+00:00","dateModified":"2023-03-17T08:08:10+00:00","description":"Oferta dla Wrocławia i okolic - drewno na podłogi – deski tarasowe – elewacje drewniane – chemia do pielęgnacji podłóg.","breadcrumb":{"@id":"https://debowymlyn.pl/wroclaw/#breadcrumb"},"inLanguage":"de","potentialAction":[{"@type":"ReadAction","target":["https://debowymlyn.pl/wroclaw/"]}]},{"@type":"ImageObject","inLanguage":"de","@id":"https://debowymlyn.pl/wroclaw/#primaryimage","url":"https://debowymlyn.pl/wp-content/uploads/galeria/podlogi/DSC_0022.jpg","contentUrl":"https://debowymlyn.pl/wp-content/uploads/galeria/podlogi/DSC_0022.jpg"},{"@type":"BreadcrumbList","@id":"https://debowymlyn.pl/wroclaw/#breadcrumb","itemListElement":[{"@type":"ListItem","position":1,"name":"Strona główna","item":"https://debowymlyn.pl/"},{"@type":"ListItem","position":2,"name":"Wrocław"}]},{"@type":"WebSite","@id":"https://debowymlyn.pl/#website","url":"https://debowymlyn.pl/","name":"Holzfußbodengeschäft &quot;Dębowy Młyn&quot;","description":"","potentialAction":[{"@type":"SearchAction","target":{"@type":"EntryPoint","urlTemplate":"https://debowymlyn.pl/?s={search_term_string}"},"query-input":{"@type":"PropertyValueSpecification","valueRequired":true,"valueName":"search_term_string"}}],"inLanguage":"de"}]}</script>
<!-- / Yoast SEO plugin. -->

Wrocław - Salon Podłóg Drewnianych - Oferta

Oferta dla Wrocławia i okolic - drewno na podłogi – deski tarasowe – elewacje drewniane – chemia do pielęgnacji podłóg.

Holzfußbodengeschäft &quot;Dębowy Młyn&quot;

Strona główna

Wrocław
